4*g + 20 - 4 = 4*n, 0 = -3*n - g + 8. Determine t(n).
0
Let b be (-2)/(-3) + 20/(-12). Let n = 5 + b. Let h(i) = i**2 - 5*i - 5. Give h(n).
-9
Let l = 1 - 2. Let y(r) = -4. Let c(o) = -o - 1. Let a(d) = 4*c(d) - y(d). Let g be a(l). Let h(i) = 3*i - 4. What is h(g)?
8
Let u be 8*((-27)/6 - -4). Let a(k) = -k - 6. Determine a(u).
-2
Let d(f) = -f**3 + 7*f**2 - 6*f + 3. Let j(b) = -b**3 + 7*b**2 - 4*b - 6. Let u be j(6). Give d(u).
3
Let p be ((-2)/(-3))/((-2)/(-6)). Suppose 2*y + p - 4 = 0. Suppose -y = 2*v - v. Let g(c) = -4*c**2 + c + 1. Calculate g(v).
-4
Let i(m) = -2 - 3*m + 5*m**3 + 5 + m**2 - 6*m**3 + m. Calculate i(2).
-5
Let z(u) = u**3 + 3*u**2 - 3*u + 5. Let h(o) = o + 6. Let d be h(-3). Suppose -6 = -s + 2. Suppose s = -5*x + d*x. What is z(x)?
1
Let b(m) = 3*m - 1. Let j be b(-1). Let x(h) = -h**2 - 6*h - 5. Determine x(j).
3
Let c(i) be the first derivative of -i**3/3 - i**2 + 2*i + 5. Let r be c(2). Let b(g) = g**2 + 8*g + 5. Calculate b(r).
-7
Let o(k) = -k + 4. Let l be 6/10 - 66/(-15). Determine o(l).
-1
Let z(a) be the second derivative of a**4/12 - a**3/2 + a**2 - 17*a. Give z(4).
6
Suppose -u = -1 - 1. Let v = -84 - -146. Let j(k) = -v*k + 63*k + k**2 - 2*k**2. Give j(u).
-2
Let f be 6/5*70/(-21). Let j(b) = -5*b**3 - 8*b**2 + 4*b - 1. Let r(k) = -1 + 15*k**2 + 4 - k + 9*k**3 - 6*k. Let q(l) = -7*j(l) - 4*r(l). Calculate q(f).
-5
Let j = -20 - -26. Let h(f) = -f**3 + 5*f**2 + 4*f + 5. Let t be h(j). Let v(s) = s - 2. What is v(t)?
-9
Let f(d) = d**3 - 6*d**2 + 4*d + 7. Let u(r) = -r - 11. Let i be u(-9). Let p be 4 + 0 + i - -3. Calculate f(p).
2
Let v be (-17 - -11) + 6 + -5 + 1. Let n(d) = 3*d - 6 + 0 + 1 + d**2. Determine n(v).
-1
Let l(w) be the first derivative of -4/3*w**3 + 3 + 4*w + 0*w**2 + 1/4*w**4. Calculate l(4).
4
Let x(u) = -3*u**2 + 6*u + 5. Let h(m) = -2*m**2 + 5*m + 4. Let k(n) = 6*h(n) - 5*x(n). Calculate k(1).
2
Suppose 9*v - 8*v + 1 = 0. Let m(w) = 3*w. Give m(v).
-3
Let y(w) be the second derivative of w**3/6 - 6*w. Let s(i) = 14*i + 1. Let z(o) = -s(o) + 6*y(o). Calculate z(1).
-9
Let i = 1 - 0. Let s(r) = 1 - 3 - i + 2. Let q(p) = p**2 + 6*p. Let c(m) = -q(m) + 3*s(m). Give c(-5).
2
Suppose 19*f = 21*f + 4. Let r(i) = 2*i**3 + i**2 - 3*i - 1. Calculate r(f).
-7
Let g(m) be the third derivative of m**4/24 + 7*m**3/6 - 5*m**2. Determine g(-4).
3
Suppose 0 = 3*b - 3*l - 3, -3*l = 3*b - l - 13. Let d(p) = p - 3*p**2 - b*p**3 - p + 2*p**3 - 4. Calculate d(-4).
12
Let s(b) = 5 + 0 - 9 + 4*b. Let a(i) = 5*i - 5. Let z(m) = 5*a(m) - 6*s(m). Determine z(-2).
-3
Let y(b) be the third derivative of b**5/60 + b**4/24 - b**3/6 + b**2. Let i = -8 - 2. Let z(h) = h**3 + 10*h**2 + 2. Let r be z(i). Determine y(r).
5
Let w(m) = m**3 + 12*m**2 + 11*m + 1. Let f be w(-11). Suppose -o + f + 1 = 0. Let v(b) = -1 - 6*b**2 + 2*b**o - 4*b + 3*b**2. Give v(-5).
-6
Let n(h) = h + 11. Let u be n(-9). Let j(m) = -3 + m - 2*m**u - 6*m + 2*m. What is j(-2)?
-5
Let r(h) = -1 + 0*h - 3*h + 5*h + 3. Suppose -3*d + 2*o = -25, 0 = 4*d + 2*o - 7*o - 24. Suppose -3*g = -2*u - d, 2*u + g = 3*g - 10. Determine r(u).
-6
Let z be 25/9 + (-8)/(-36). Let f = 6 + -4. Let j(p) = 0*p**f + p - 1 + p - p**2. Calculate j(z).
-4
Let h(q) = -5*q**2 + 2*q - 5. Let x(z) = -6*z**2 + z - 5. Let s(j) = -4*h(j) + 3*x(j). Give s(4).
17
Suppose 0 = 5*w - 2*y + 44, -4*y + 0*y - 8 = 2*w. Let l = w + 4. Let i(h) be the first derivative of h**4/4 + 4*h**3/3 - h + 22. Determine i(l).
-1
Let q(w) = 10*w**3 + w**2 - 8*w + 1. Let x(n) = -9*n**3 - n**2 + 7*n - 1. Let u(z) = -5*q(z) - 6*x(z). What is u(1)?
4
Let h be 5/((-10)/(-4)) - 0. Let b(a) = 0*a + 2*a + 4*a + a**h. Let m = -15 + 10. Calculate b(m).
-5
Let f(r) = -r**2 + 7*r + 11. Suppose -2*o + 30 = 4*p, p + 3*p = 2*o + 42. Give f(p).
-7
Let j(i) = -i**3 + 7*i**2 - 12*i + 3. Let y be j(5). Let t be (y - -4)*(-2)/(-3). Let h(q) = 3 + 1 + 4*q - 1. Determine h(t).
-5
Let d(y) = y - 12. Suppose -v + 8 = -2*g, 7*v = 3*v + 4*g + 16. Suppose v*n = 5*n - 4*z - 34, -n = -2*z - 8. Determine d(n).
-6
Let i(u) = -20*u. Let k(b) = 5*b. Let c(s) = 4*i(s) + 15*k(s). Let n(z) = 2*z. Let x(p) = 2*c(p) + 4*n(p). Give x(-4).
8
Let o be 14/6 - (-7)/(-21). Suppose -2*h = -0*h - o. Let w(m) = 7*m - 1. Give w(h).
6
Let j(z) be the second derivative of z**6/120 - z**4/24 + z**3/6 - 3*z**2 - 2*z. Let g(i) be the first derivative of j(i). What is g(2)?
7
Let o = -14 + 21. Suppose 0 = 3*n - 2 - o. Let y(u) = u**2 - 4. Calculate y(n).
5
Let j(a) be the third derivative of 7*a**4/12 - a**3/6 + 3*a**2. Calculate j(-1).
-15
Suppose -2 = x - 7. Suppose -3*o + 3*p + 3 = 0, 6*p - 2*p + 6 = x*o. Let b(m) = -3*m - m - 4 + 3. Calculate b(o).
-9
Let g(w) = -w**3 + 4*w**2 - 2*w - 2. Suppose -k + 4*k - 6 = 0. What is g(k)?
2
Let p(a) be the third derivative of -1/6*a**3 + 0*a - 1/120*a**6 + 0 - 1/12*a**4 - 4*a**2 - 1/20*a**5. What is p(-3)?
5
Let g = -8 - -11. Suppose 0 = g*r + 4*j + 2 - 0, -2*j + 2 = 0. Let z(i) = -i**2 + 2. What is z(r)?
-2
Let g(o) be the third derivative of -o**4/8 - o**3/6 + 4*o**2. Suppose 5 = 5*q, z - 2*z + 1 = -2*q. Determine g(z).
-10
Let y(n) = -n + 2. Suppose 0 = -4*h + 2*t - 14, 2 + 2 = -2*h + 2*t. Calculate y(h).
7
Suppose -3*b + o = -0*o + 5, -o + 3 = -2*b. Let v(l) = -l**2 - 2*l. Determine v(b).
0
Let v(a) = -6 - a**3 + 8*a - 5*a**2 - 7*a + 2*a**3. Calculate v(5).
-1
Let y(v) be the first derivative of -v**4/4 - 8*v**3/3 - 3*v**2 + 17. Give y(-7).
-7
Let f(i) = i - 4. Let u be f(4). Let v(q) = -4*q - q + u*q - q. Give v(-1).
6
Let s(a) be the second derivative of -a**3/6 - 3*a**2/2 - 7*a. Give s(3).
-6
Let l(f) be the second derivative of f**7/2520 + f**6/144 + f**5/60 + f**4/4 - 2*f. Let s(a) be the third derivative of l(a). Calculate s(-5).
2
Let c = -9 - -4. Suppose 21 = -3*k + 6. Let i(s) = -4*s**2 + s - 3. Let x(l) = -5*l**2 - 4. Let u(v) = k*x(v) + 6*i(v). Give u(c).
-3
Let b(u) = -6*u**2 + 2*u**2 + u + u**3 - u**2 - 2 + 0*u**2. Let s = 18 - 13. Give b(s).
3
Let d = -1 - -3. Suppose 0 = -l - d*l. Let k(n) be the third derivative of n**4/24 + 2*n**3/3 - n**2. What is k(l)?
4
Let a(d) = -8*d. Let b(v) = v. Let x(t) = 6*a(t) + 52*b(t). Calculate x(-3).
-12
Let r(k) = 5*k - 1. Let w be r(1). Let j(a) be the first derivative of a**4/4 - a**3 - 3*a**2 + 5*a - 49. Calculate j(w).
-3
Suppose 4*l + 3*q - 44 = 0, 3*l - 13 - 19 = -2*q. Let g(b) = b**3 - 8*b**2 + 2*b - 5. Determine g(l).
11
Let c = 2 + 0. Suppose -2*w = 2*i - 6, -3 = -c*w + 3. Suppose i = l + 2*l + 18. Let k(m) = -m**3 - 7*m**2 - 7*m + 1. Determine k(l).
7
Suppose -6 = -i - 4*p, 0 = -i + p - 4*p + 5. Let z(s) = 0*s**2 + 0*s**i - 4*s + s**2 + 3. Let c = 0 + 4. What is z(c)?
3
Let b(m) = m**3 + m**2. Let l = -21 - -21. Determine b(l).
0
Let h(m) = -4*m. Let u be h(-2). Let a be (-2 + u - 3)*1. Let d(t) = -t**3 + 3*t**2 + t + 3. Calculate d(a).
6
Let m(p) = -p - 12. Suppose -4*u - 3*q - 27 = -2*q, 5*q = u + 12. Give m(u).
-5
Let i(t) = -t + 1. Let c(k) = -k**3 - 6*k**2 - 7. Let d be c(-6). What is i(d)?
8
Suppose -4*k - 16 = -2*u - 0*u, -5*u + 19 = -3*k. Let h(w) = -u - w + 3 + 2. Let j be (-3 + 1)/(1/(-4)) - 5. Calculate h(j).
0
Suppose 4*k + 3 = 7. Let q(c) = -5*c - 5. Let u(p) = -p - 1. Let g(i) = k*q(i) - 6*u(i). Calculate g(-2).
-1
Suppose 0*m - 18 = -3*m - 3*j, -16 = -3*m - 2*j. Suppose -2*d + 8 = 3*o + 2*o, m*o - 2*d = -8. Let i(r) = -r**2 + o + 0 + 2 + r. Give i(0).
2
Let v = 4 - 1. Let n(q) = -3*q + 8*q - 1 - q**2 - 3*q**2 - q**v - q. Determine n(-5).
4
Let v(d) = d + 1. Let i(t) = -6*t - 6. Let j(q) = -i(q) - 5*v(q). Let h = 14 + -25. Let k(m) = m**2 + 10*m - 13. Let y be k(h). What is j(y)?
-1
Let o(i) be the first derivative of -2*i**3/3 - i**2 + 2. Let d be o(-2). Let h(z) = z**2 + 14*z - 4*z - 7*z. Give h(d).
4
Let m be (-2)/(-5) + (-24)/60. Let d(a) = a**3 - a**2 + a - 10. What is d(m)?
-10
Let z(o) = -5*o - 6*o + 3 + 14*o. Determine z(-4).
-9
Let z(q) = q**3 - 8*q**2 - 8*q - 2. Let l be z(9). Let g(x) = l + x - x**2 + 0*x + x**2 + x**2. Determine g(0).
7
Let m(t) = -4*t + 9. Let v be m(4). Let n(x) = -2*x - 8. Determine n(v).
6
Let f(g) = -g**2 + 6*g - 5. Let p = 2 + -6. Let x be 1*(0 + p + -1). Let v(h) = h**2 + 3*h - 6. Let b be v(x). What is f(b)?
3
Let g(y) = y**3 - 5*y**2 + 5*y - 3. Suppose -2*q + 4 + 2 = 0. Calculate g(q).
-6
Let m(x) =